+ 6*n - 1. Calculate the remainder when j(-6) is divided by f(-4).
16
Suppose 0*d - 9 = 3*d. Let m(c) be the second derivative of c**4/12 - c**3/2 + c**2 - c. Calculate the remainder when 59 is divided by m(d).
19
Let b(i) = -i**3 - 8*i**2 + i + 8. Let v be b(-8). Suppose v*o - 5*o + 30 = 0. Let w = o + 1. What is the remainder when w is divided by 2?
1
Calculate the remainder when 189 is divided by (-75)/(-6)*((-20)/50 - -2).
9
What is the remainder when (6/(-24)*2)/((-2)/240) is divided by 21?
18
Suppose r = b - 93 - 2, -2*r - 3*b - 170 = 0. Let u = r - -112. Let f(k) = 11*k - 3. What is the remainder when f(4) is divided by u?
20
Let b = -55 - -43. What is the remainder when 11 - (b/4 + 4) is divided by 5?
0
Suppose 0 = -3*s + 5*s - 36. Suppose -52*v + 586 + 2170 = 0. Calculate the remainder when v is divided by s.
17
Let t = 259 - 230. Calculate the remainder when 171 is divided by t.
26
Suppose 5*r - l + 5*l + 12 = 0, 0 = -3*r + l + 3. Suppose r = -3*c + 4*y - 2*y + 13, c = -y + 6. What is the remainder when 14 is divided by c?
4
Suppose -250 = -4*j - 5*a, -3*j - 217*a = -221*a - 172. What is the remainder when 177 is divided by j?
57
Suppose -5*j + 14 + 11 = 0, -1755 = -5*b - 3*j. What is the remainder when b is divided by 27?
24
What is the remainder when -124 + 347 - ((-5)/1 + -1) is divided by 59?
52
Let g = 146 - 8. Let c = g - 88. Calculate the remainder when c is divided by 17.
16
Suppose -33*x - 189 = -42*x. What is the remainder when 103 is divided by x?
19
Suppose 0 = 5*r, 4*r - 48 = 4*m - 0*m. Let z(u) = -u**3 - 2*u**2 - 3*u - 3. Calculate the remainder when -1*(0/(-1) + 3) - m is divided by z(-2).
0
Suppose -w - 2*c + 82 = 0, 4*w - 348 = 3*c - 53. Calculate the remainder when w is divided by 13.
11
Let r(w) = -14*w + 2. Let u be r(-1). Suppose 14*l + 50 = u*l. Calculate the remainder when l is divided by 9.
7
Let a = -15 - -15. Suppose a*x = -4*x + 116. What is the remainder when 55 is divided by x?
26
Let m(c) = 2*c**2 - 6*c. Let h = 41 - 43. Calculate the remainder when (2 - 8 - h)/((-14)/49) is divided by m(4).
6
Suppose 37*k - 2594 = 3289. What is the remainder when k is divided by 54?
51
Suppose -6 = 3*t - 6*t + p, 0 = 2*t - 3*p - 11. What is the remainder when 58 is divided by (t + -7)*(-21)/6?
16
Let z = 46 - 43. What is the remainder when 1 + z + (-76)/(-1 - 1) is divided by 23?
19
Suppose -103 = -4*c + 933. Calculate the remainder when c is divided by 18.
7
Let p(j) = 72*j**3 + j**2 - j + 1. Suppose 4*q = -16, -2*h + 60 = -q + 18. Calculate the remainder when p(1) is divided by h.
16
Let a(v) = 3*v + 18. Let u be a(0). Calculate the remainder when 3 + 21/(-3) + u is divided by 3.
2
Let x(r) = -r**3 + 6*r**2 + 8*r - 8. Let l be x(7). Let b be l - -2 - (-8 - -4). Calculate the remainder when (6/b)/((-10)/(-175)) is divided by 6.
3
Calculate the remainder when 77 is divided by -1*((-6)/(-30) - (-272)/(-10)).
23
Let o(q) = 6*q + 245. Calculate the remainder when 376 is divided by o(-25).
91
Suppose 4*x - 23 = -3*d, -d + 3*x + 7 = -5. Let m(f) = 3*f + 10. What is the remainder when m(14) is divided by d?
7
Suppose -72 = -0*t - 3*t. Suppose 10*b - 90 = -20. What is the remainder when t is divided by b?
3
Let h = -60 - -53. What is the remainder when -3*h/3 + -3 is divided by 2?
0
What is the remainder when 54 is divided by ((-4 - -1) + 2)/(1/(-14))?
12
Let q(s) = -3*s**3 - 22*s**2 - 18*s - 8. What is the remainder when 963 is divided by q(-7)?
66
Let p(a) = -3*a - 39. Let n be p(-18). Suppose -150 = -5*z + n. What is the remainder when 113 is divided by z?
14
Let j be ((-4)/14)/((-6)/42). Suppose 3*w = 4*l + 1, -3*l = -2*w + j - 3. Suppose a = 1, 5*n + 2*a = 4*a + 123. Calculate the remainder when n is divided by w.
4
Let s(p) = p**3 - 10*p**2 + 14*p - 9. Let x be s(9). Suppose -3*j + 33 = -x. What is the remainder when j is divided by 8?
7
Let s = -8 + 13. Suppose -2*h = -6, s*p + 4*h + 123 = 405. Suppose -49*n + 51*n = p. Calculate the remainder when n is divided by 10.
7
Let r(k) = -21*k - 61. Let u be r(-6). Suppose 0 = z - 2, -3*f + 4*z = -6*f + u. Calculate the remainder when 46 is divided by f.
8
Suppose 6 = 3*g - 30. Let f = 3001 - 2969. Calculate the remainder when f is divided by g.
8
Calculate the remainder when 147 is divided by (-146)/(-8) - (-19)/(912/(-60)).
11
Let y(h) = 2*h - 4. Let r be y(-10). Calculate the remainder when 3*(-116)/r*2 is divided by 16.
13
Let t = -30 + 43. Suppose 2*z + r - 40 = 8, -2*z + 3*r + 48 = 0. What is the remainder when z is divided by t?
11
What is the remainder when 19*(17/(-68) + 255/12) is divided by 41?
30
Suppose -8*p + 776 = -632. Calculate the remainder when p is divided by 39.
20
Let s(h) = 3*h - 5. Suppose -2 + 10 = 2*m. Let y(b) = -72*b + 75. What is the remainder when s(m) is divided by y(1)?
1
Let v(d) = d**2 - 10*d - 50. What is the remainder when 91 is divided by v(16)?
45
Let l(r) = -r**3 - 3*r**2 - 2*r. Calculate the remainder when 115 is divided by l(-4).
19
Suppose -r + 1 = -2*l, -5*l + r - 20 = 2*r. Suppose -5 = -5*m, m = -4*g - 3*m + 76. What is the remainder when g is divided by 6 + (-2)/(l + 1)?
4
Let f = -195 - -248. What is the remainder when f is divided by 27?
26
Let d(s) be the first derivative of -8*s**2 - 4*s - 7. Calculate the remainder when d(-3) is divided by 16.
12
What is the remainder when 2806/5 + 25/(-125) is divided by 78?
15
Calculate the remainder when 47 is divided by (6486/(-1269))/(2/(-18)).
1
Calculate the remainder when 62 is divided by 2*8/(192/60).
2
Let o = -15 - -15. Suppose i - 4 + o = 0. Calculate the remainder when 55 is divided by (-93)/(-5) - i/(-10).
17
Let k(t) = 3*t**3 - 2*t**2 - 3*t + 2. Let i = 4 + -10. Let p = -4 - i. What is the remainder when 45 is divided by k(p)?
9
Suppose -37*w - 80 = -39*w. Calculate the remainder when 239 is divided by w.
39
Suppose -4*k - 2*k = 0. Suppose 3*c + 3 = 0, 2*o + 2*c - 4*c - 18 = k. Calculate the remainder when 24 is divided by o.
0
Let p = 110 + -45. Calculate the remainder when 16/(-4) + p - 3 is divided by 20.
18
Let h be (5 - (4 - 4)) + -1. Suppose -2*f + 47 = g + 3*f, h = f. Calculate the remainder when 132 is divided by g.
24
Let g be 3 + 9*-7 - -4. Calculate the remainder when 25 is divided by (g/(-10))/(36/90).
11
Let c be 201/4 + (-21)/84. Let a = c + -21. What is the remainder when -114*(6/(-4) - -1) is divided by a?
28
Suppose 0 = -2*o + 3*b + 115, -5*b + 41 = o - 49. What is the remainder when 773 is divided by o?
58
Suppose 4*r + 332 = -204. Let k = -87 - r. What is the remainder when k is divided by 5?
2
Let i = -35 + 44. Let y = i - -48. Calculate the remainder when y is divided by 15.
12
Calculate the remainder when 199 is divided by 2*(-8)/12*138/(-8).
15
What is the remainder when 4 + 7205/15 - 1/3 is divided by 27?
25
Suppose 4 - 14 = -2*n. Suppose -w + 5*w = 0. Suppose -2*b = 0, y - n*b - 66 - 15 = w. Calculate the remainder when y is divided by 21.
18
Let d = 42 + -32. What is the remainder when (-908)/(-20) - 4/d is divided by 12?
9
Let z = -124 - -216. Calculate the remainder when z/3 + 2/6 is divided by ((-68)/(-28))/((-5)/(-35)).
14
Suppose -5*r + 2*f = -332, -2*f + 140 + 72 = 3*r. What is the remainder when 197 is divided by r?
61
Let f(h) = h**2 - 11*h + 20. Let i = 16 - 6. Calculate the remainder when f(i) is divided by 6.
4
Let a(t) = 2*t - 6. Let c(p) = p - 1. Let q(u) = a(u) - 5*c(u). Calculate the remainder when q(-8) is divided by ((-1)/2)/((-7)/84).
5
Let w(i) = 7*i**3 - 1. Let d be w(1). Suppose -18 = -d*f + 3*f. What is the remainder when 5*(-1 - 0 - -3) is divided by f?
4
Let o(s) = -2*s**3 + 26*s**2 - 19*s + 16. Calculate the remainder when o(12) is divided by ((0 - -2)*13)/1.
24
Let k(o) = 16*o + 1. Let h be k(1). Let w = h + -1. Suppose -246 = -4*l - 2*p, 5*p + 300 = 5*l - 0*l. Calculate the remainder when l is divided by w.
13
Let y(j) = j**2 + j - 2. Let r be ((-4)/10)/(1/(-10)). What is the remainder when 51 is divided by y(r)?
15
Let h be -1*4/(-4)*(0 + 17). Let r = h - 6. Calculate the remainder when 87 is divided by r.
10
Suppose 32*t + 1058 = 55*t. Suppose 2*v - 3*z = 5*v - 57, -2*v + 4*z = -20. What is the remainder when t is divided by v?
14
Let f = 93 - 64. Let i(j) be the first derivative of -17*j**4/4 + j**2 + j - 2. Calculate t